{"id":872,"date":"2023-09-21T20:52:19","date_gmt":"2023-09-21T20:52:19","guid":{"rendered":"https:\/\/redi.jalisco.gob.mx\/blog\/?page_id=872"},"modified":"2024-11-28T18:06:14","modified_gmt":"2024-11-28T18:06:14","slug":"eventos-redi-puerto-vallarta","status":"publish","type":"page","link":"https:\/\/redi.jalisco.gob.mx\/blog\/eventos-redi-puerto-vallarta\/","title":{"rendered":"Eventos REDi Puerto Vallarta"},"content":{"rendered":"\t\t<div data-elementor-type=\"wp-page\" data-elementor-id=\"872\" class=\"elementor elementor-872\">\n\t\t\t\t\t\t<section class=\"elementor-section elementor-top-section elementor-element elementor-element-92b0b35 elementor-section-full_width elementor-section-height-min-height elementor-section-stretched elementor-section-height-default elementor-section-items-middle\" data-id=\"92b0b35\" data-element_type=\"section\" data-settings=\"{&quot;stretch_section&quot;:&quot;section-stretched&quot;,&quot;background_background&quot;:&quot;slideshow&quot;,&quot;background_slideshow_gallery&quot;:[{&quot;id&quot;:891,&quot;url&quot;:&quot;https:\\\/\\\/redi.jalisco.gob.mx\\\/blog\\\/wp-content\\\/uploads\\\/2023\\\/09\\\/bg-home-top.jpg&quot;},{&quot;id&quot;:892,&quot;url&quot;:&quot;https:\\\/\\\/redi.jalisco.gob.mx\\\/blog\\\/wp-content\\\/uploads\\\/2023\\\/09\\\/bg-home-top.png&quot;},{&quot;id&quot;:893,&quot;url&quot;:&quot;https:\\\/\\\/redi.jalisco.gob.mx\\\/blog\\\/wp-content\\\/uploads\\\/2023\\\/09\\\/bg-home-top2.png&quot;}],&quot;background_slideshow_slide_transition&quot;:&quot;slide_left&quot;,&quot;background_slideshow_loop&quot;:&quot;yes&quot;,&quot;background_slideshow_slide_duration&quot;:5000,&quot;background_slideshow_transition_duration&quot;:500}\">\n\t\t\t\t\t\t<div class=\"elementor-container elementor-column-gap-no\">\n\t\t\t\t\t<div class=\"elementor-column elementor-col-100 elementor-top-column elementor-element elementor-element-2deb818\" data-id=\"2deb818\" data-element_type=\"column\">\n\t\t\t<div class=\"elementor-widget-wrap elementor-element-populated\">\n\t\t\t\t\t\t<div class=\"elementor-element elementor-element-7c1a178 elementor-widget elementor-widget-heading\" data-id=\"7c1a178\" data-element_type=\"widget\" data-widget_type=\"heading.default\">\n\t\t\t\t<div class=\"elementor-widget-container\">\n\t\t\t\t\t<h2 id=\"agenda-de-eventos\" class=\"elementor-heading-title elementor-size-default\">Agenda de <\/br> Eventos<\/h2>\t\t\t\t<\/div>\n\t\t\t\t<\/div>\n\t\t\t\t\t<\/div>\n\t\t<\/div>\n\t\t\t\t\t<\/div>\n\t\t<\/section>\n\t\t\t\t<section class=\"elementor-section elementor-top-section elementor-element elementor-element-92efb0e elementor-section-full_width elementor-section-stretched elementor-section-height-default elementor-section-height-default\" data-id=\"92efb0e\" data-element_type=\"section\" data-settings=\"{&quot;background_background&quot;:&quot;classic&quot;,&quot;stretch_section&quot;:&quot;section-stretched&quot;}\">\n\t\t\t\t\t\t\t<div class=\"elementor-background-overlay\"><\/div>\n\t\t\t\t\t\t\t<div class=\"elementor-container elementor-column-gap-default\">\n\t\t\t\t\t<div class=\"elementor-column elementor-col-100 elementor-top-column elementor-element elementor-element-3b44466\" data-id=\"3b44466\" data-element_type=\"column\">\n\t\t\t<div class=\"elementor-widget-wrap elementor-element-populated\">\n\t\t\t\t\t\t<div class=\"elementor-element elementor-element-19a8196 elementor-widget elementor-widget-elementskit-heading\" data-id=\"19a8196\" data-element_type=\"widget\" data-widget_type=\"elementskit-heading.default\">\n\t\t\t\t<div class=\"elementor-widget-container\">\n\t\t\t\t\t<div class=\"ekit-wid-con\" ><div class=\"ekit-heading elementskit-section-title-wraper text_center   ekit_heading_tablet-   ekit_heading_mobile-\"><h2 id=\"redi-puerto-vallarta\" class=\"ekit-heading--title elementskit-section-title \">REDi <span><span>Puerto Vallarta<\/span><\/span><\/h2><div class=\"ekit_heading_separetor_wraper ekit_heading_elementskit-border-divider\"><div class=\"elementskit-border-divider\"><\/div><\/div><\/div><\/div>\t\t\t\t<\/div>\n\t\t\t\t<\/div>\n\t\t\t\t\t<\/div>\n\t\t<\/div>\n\t\t\t\t\t<\/div>\n\t\t<\/section>\n\t\t\t\t<section class=\"elementor-section elementor-top-section elementor-element elementor-element-ca714ff elementor-section-boxed elementor-section-height-default elementor-section-height-default\" data-id=\"ca714ff\" data-element_type=\"section\">\n\t\t\t\t\t\t<div class=\"elementor-container elementor-column-gap-default\">\n\t\t\t\t\t<div class=\"elementor-column elementor-col-50 elementor-top-column elementor-element elementor-element-8ae5102\" data-id=\"8ae5102\" data-element_type=\"column\">\n\t\t\t<div class=\"elementor-widget-wrap elementor-element-populated\">\n\t\t\t\t\t\t<div class=\"elementor-element elementor-element-3df06da elementor-widget elementor-widget-e_image_hover_effects\" data-id=\"3df06da\" data-element_type=\"widget\" data-widget_type=\"e_image_hover_effects.default\">\n\t\t\t\t<div class=\"elementor-widget-container\">\n\t\t\t\t\t\t\t\t<a href=\"https:\/\/www.eventbrite.com.mx\/e\/introduccion-a-la-impresion-3d-sesion-2-de-2-tickets-1076076556949?aff=ebdsoporgprofile\">\n\t\t\t\t\t<div class=\"eihe-box eihe-fade-in-up eihe_\">\n\t\t\t\t<img fetchpriority=\"high\" decoding=\"async\" width=\"1200\" height=\"600\" src=\"https:\/\/redi.jalisco.gob.mx\/blog\/wp-content\/uploads\/2024\/11\/Puerto-Vallarta_29.11_TW.png\" class=\"attachment-full size-full wp-image-3708\" alt=\"\" srcset=\"https:\/\/redi.jalisco.gob.mx\/blog\/wp-content\/uploads\/2024\/11\/Puerto-Vallarta_29.11_TW.png 1200w, https:\/\/redi.jalisco.gob.mx\/blog\/wp-content\/uploads\/2024\/11\/Puerto-Vallarta_29.11_TW-300x150.png 300w, https:\/\/redi.jalisco.gob.mx\/blog\/wp-content\/uploads\/2024\/11\/Puerto-Vallarta_29.11_TW-1024x512.png 1024w, https:\/\/redi.jalisco.gob.mx\/blog\/wp-content\/uploads\/2024\/11\/Puerto-Vallarta_29.11_TW-768x384.png 768w, https:\/\/redi.jalisco.gob.mx\/blog\/wp-content\/uploads\/2024\/11\/Puerto-Vallarta_29.11_TW-110x55.png 110w, https:\/\/redi.jalisco.gob.mx\/blog\/wp-content\/uploads\/2024\/11\/Puerto-Vallarta_29.11_TW-200x100.png 200w, https:\/\/redi.jalisco.gob.mx\/blog\/wp-content\/uploads\/2024\/11\/Puerto-Vallarta_29.11_TW-380x190.png 380w, https:\/\/redi.jalisco.gob.mx\/blog\/wp-content\/uploads\/2024\/11\/Puerto-Vallarta_29.11_TW-255x128.png 255w, https:\/\/redi.jalisco.gob.mx\/blog\/wp-content\/uploads\/2024\/11\/Puerto-Vallarta_29.11_TW-550x275.png 550w, https:\/\/redi.jalisco.gob.mx\/blog\/wp-content\/uploads\/2024\/11\/Puerto-Vallarta_29.11_TW-800x400.png 800w, https:\/\/redi.jalisco.gob.mx\/blog\/wp-content\/uploads\/2024\/11\/Puerto-Vallarta_29.11_TW-1160x580.png 1160w\" sizes=\"(max-width: 1200px) 100vw, 1200px\" \/>\t\t\t\t<div class=\"eihe-caption\">\n\t\t\t\t\t<div class=\"eihe-title-cover\">\n\t\t\t\t\t\t\t\t\t\t\t\t<h3 id=\"introduccion-a-la-impresion-3d-sesion-2-de-2\" class=\"eihe-title\">Introducci\u00f3n a la impresi\u00f3n 3D Sesi\u00f3n 2 de 2<\/h3>\n\t\t\t\t\t\t\t\t\t\t\t<\/div>\n\t\t\t\t\t<p><\/p>\n\t\t\t\t<\/div>\n\t\t\t<\/div>\n\t\t\t\t\t<\/a>\n\t\t\t\t\t\t<\/div>\n\t\t\t\t<\/div>\n\t\t\t\t\t<\/div>\n\t\t<\/div>\n\t\t\t\t<div class=\"elementor-column elementor-col-50 elementor-top-column elementor-element elementor-element-832f22e\" data-id=\"832f22e\" data-element_type=\"column\">\n\t\t\t<div class=\"elementor-widget-wrap\">\n\t\t\t\t\t\t\t<\/div>\n\t\t<\/div>\n\t\t\t\t\t<\/div>\n\t\t<\/section>\n\t\t\t\t<\/div>\n\t\t","protected":false},"excerpt":{"rendered":"Agenda de Eventos REDi Puerto Vallarta Introducci\u00f3n a la impresi\u00f3n 3D Sesi\u00f3n 2 de 2\n","protected":false},"author":1,"featured_media":0,"parent":0,"menu_order":0,"comment_status":"closed","ping_status":"closed","template":"elementor_canvas","meta":{"footnotes":""},"class_list":["post-872","page","type-page","status-publish"],"_links":{"self":[{"href":"https:\/\/redi.jalisco.gob.mx\/blog\/wp-json\/wp\/v2\/pages\/872","targetHints":{"allow":["GET"]}}],"collection":[{"href":"https:\/\/redi.jalisco.gob.mx\/blog\/wp-json\/wp\/v2\/pages"}],"about":[{"href":"https:\/\/redi.jalisco.gob.mx\/blog\/wp-json\/wp\/v2\/types\/page"}],"author":[{"embeddable":true,"href":"https:\/\/redi.jalisco.gob.mx\/blog\/wp-json\/wp\/v2\/users\/1"}],"replies":[{"embeddable":true,"href":"https:\/\/redi.jalisco.gob.mx\/blog\/wp-json\/wp\/v2\/comments?post=872"}],"version-history":[{"count":274,"href":"https:\/\/redi.jalisco.gob.mx\/blog\/wp-json\/wp\/v2\/pages\/872\/revisions"}],"predecessor-version":[{"id":3711,"href":"https:\/\/redi.jalisco.gob.mx\/blog\/wp-json\/wp\/v2\/pages\/872\/revisions\/3711"}],"wp:attachment":[{"href":"https:\/\/redi.jalisco.gob.mx\/blog\/wp-json\/wp\/v2\/media?parent=872"}],"curies":[{"name":"wp","href":"https:\/\/api.w.org\/{rel}","templated":true}]}}

<div data-elementor-type="wp-page" data-elementor-id="872" class="elementor elementor-872">
						<section class="elementor-section elementor-top-section elementor-element elementor-element-92b0b35 elementor-section-full_width elementor-section-height-min-height elementor-section-stretched elementor-section-height-default elementor-section-items-middle" data-id="92b0b35" data-element_type="section" data-settings="{&quot;stretch_section&quot;:&quot;section-stretched&quot;,&quot;background_background&quot;:&quot;slideshow&quot;,&quot;background_slideshow_gallery&quot;:[{&quot;id&quot;:891,&quot;url&quot;:&quot;https:\/\/redi.jalisco.gob.mx\/blog\/wp-content\/uploads\/2023\/09\/bg-home-top.jpg&quot;},{&quot;id&quot;:892,&quot;url&quot;:&quot;https:\/\/redi.jalisco.gob.mx\/blog\/wp-content\/uploads\/2023\/09\/bg-home-top.png&quot;},{&quot;id&quot;:893,&quot;url&quot;:&quot;https:\/\/redi.jalisco.gob.mx\/blog\/wp-content\/uploads\/2023\/09\/bg-home-top2.png&quot;}],&quot;background_slideshow_slide_transition&quot;:&quot;slide_left&quot;,&quot;background_slideshow_loop&quot;:&quot;yes&quot;,&quot;background_slideshow_slide_duration&quot;:5000,&quot;background_slideshow_transition_duration&quot;:500}">
						<div class="elementor-container elementor-column-gap-no">
					<div class="elementor-column elementor-col-100 elementor-top-column elementor-element elementor-element-2deb818" data-id="2deb818" data-element_type="column">
			<div class="elementor-widget-wrap elementor-element-populated">
						<div class="elementor-element elementor-element-7c1a178 elementor-widget elementor-widget-heading" data-id="7c1a178" data-element_type="widget" data-widget_type="heading.default">
				<div class="elementor-widget-container">
					<h2 id="agenda-de-eventos" class="elementor-heading-title elementor-size-default">Agenda de </br> Eventos</h2>				</div>
				</div>
					</div>
		</div>
					</div>
		</section>
				<section class="elementor-section elementor-top-section elementor-element elementor-element-92efb0e elementor-section-full_width elementor-section-stretched elementor-section-height-default elementor-section-height-default" data-id="92efb0e" data-element_type="section" data-settings="{&quot;background_background&quot;:&quot;classic&quot;,&quot;stretch_section&quot;:&quot;section-stretched&quot;}">
							<div class="elementor-background-overlay"></div>
							<div class="elementor-container elementor-column-gap-default">
					<div class="elementor-column elementor-col-100 elementor-top-column elementor-element elementor-element-3b44466" data-id="3b44466" data-element_type="column">
			<div class="elementor-widget-wrap elementor-element-populated">
						<div class="elementor-element elementor-element-19a8196 elementor-widget elementor-widget-elementskit-heading" data-id="19a8196" data-element_type="widget" data-widget_type="elementskit-heading.default">
				<div class="elementor-widget-container">
					<div class="ekit-wid-con" ><div class="ekit-heading elementskit-section-title-wraper text_center   ekit_heading_tablet-   ekit_heading_mobile-"><h2 id="redi-puerto-vallarta" class="ekit-heading--title elementskit-section-title ">REDi <span><span>Puerto Vallarta</span></span></h2><div class="ekit_heading_separetor_wraper ekit_heading_elementskit-border-divider"><div class="elementskit-border-divider"></div></div></div></div>				</div>
				</div>
					</div>
		</div>
					</div>
		</section>
				<section class="elementor-section elementor-top-section elementor-element elementor-element-ca714ff elementor-section-boxed elementor-section-height-default elementor-section-height-default" data-id="ca714ff" data-element_type="section">
						<div class="elementor-container elementor-column-gap-default">
					<div class="elementor-column elementor-col-50 elementor-top-column elementor-element elementor-element-8ae5102" data-id="8ae5102" data-element_type="column">
			<div class="elementor-widget-wrap elementor-element-populated">
						<div class="elementor-element elementor-element-3df06da elementor-widget elementor-widget-e_image_hover_effects" data-id="3df06da" data-element_type="widget" data-widget_type="e_image_hover_effects.default">
				<div class="elementor-widget-container">
								<a href="https://www.eventbrite.com.mx/e/introduccion-a-la-impresion-3d-sesion-2-de-2-tickets-1076076556949?aff=ebdsoporgprofile">
					<div class="eihe-box eihe-fade-in-up eihe_">
				<img fetchpriority="high" decoding="async" width="1200" height="600" src="https://redi.jalisco.gob.mx/blog/wp-content/uploads/2024/11/Puerto-Vallarta_29.11_TW.png" class="attachment-full size-full wp-image-3708" alt="" srcset="https://redi.jalisco.gob.mx/blog/wp-content/uploads/2024/11/Puerto-Vallarta_29.11_TW.png 1200w, https://redi.jalisco.gob.mx/blog/wp-content/uploads/2024/11/Puerto-Vallarta_29.11_TW-300x150.png 300w, https://redi.jalisco.gob.mx/blog/wp-content/uploads/2024/11/Puerto-Vallarta_29.11_TW-1024x512.png 1024w, https://redi.jalisco.gob.mx/blog/wp-content/uploads/2024/11/Puerto-Vallarta_29.11_TW-768x384.png 768w, https://redi.jalisco.gob.mx/blog/wp-content/uploads/2024/11/Puerto-Vallarta_29.11_TW-110x55.png 110w, https://redi.jalisco.gob.mx/blog/wp-content/uploads/2024/11/Puerto-Vallarta_29.11_TW-200x100.png 200w, https://redi.jalisco.gob.mx/blog/wp-content/uploads/2024/11/Puerto-Vallarta_29.11_TW-380x190.png 380w, https://redi.jalisco.gob.mx/blog/wp-content/uploads/2024/11/Puerto-Vallarta_29.11_TW-255x128.png 255w, https://redi.jalisco.gob.mx/blog/wp-content/uploads/2024/11/Puerto-Vallarta_29.11_TW-550x275.png 550w, https://redi.jalisco.gob.mx/blog/wp-content/uploads/2024/11/Puerto-Vallarta_29.11_TW-800x400.png 800w, https://redi.jalisco.gob.mx/blog/wp-content/uploads/2024/11/Puerto-Vallarta_29.11_TW-1160x580.png 1160w" sizes="(max-width: 1200px) 100vw, 1200px" />				<div class="eihe-caption">
					<div class="eihe-title-cover">
												<h3 id="introduccion-a-la-impresion-3d-sesion-2-de-2" class="eihe-title">Introducción a la impresión 3D Sesión 2 de 2</h3>
											</div>
					<p></p>
				</div>
			</div>
					</a>
						</div>
				</div>
					</div>
		</div>
				<div class="elementor-column elementor-col-50 elementor-top-column elementor-element elementor-element-832f22e" data-id="832f22e" data-element_type="column">
			<div class="elementor-widget-wrap">
							</div>
		</div>
					</div>
		</section>
				</div>

Agenda de Eventos REDi Puerto Vallarta Introducción a la impresión 3D Sesión 2 de 2
